3 is divided by b.
0
Let s(n) = n**3 - 6*n**2 + 5*n + 7. Let v(c) = c**2 + 1. Let r be 1 + 2/((-6)/(-3)). Let k be v(r). What is the remainder when 13 is divided by s(k)?
6
Let c = -8 + 17. Suppose -4 = n + 1. Let g = 12 - n. Calculate the remainder when g is divided by c.
8
What is the remainder when 30 is divided by 2/(4/15*5/6)?
3
Let l(v) = v**2 + 5*v - 2. Let w(y) = 2*y + 2. Let n be w(-5). Let z be l(n). Let u = 7 + z. Calculate the remainder when u is divided by 10.
9
Let z = -131 + 177. Calculate the remainder when z is divided by 6.
4
Suppose 0 = -3*x - 23 + 77. Suppose 0 = -3*z - x + 3. Calculate the remainder when (-162)/(-5) - (-2)/z is divided by 11.
10
Suppose 56 = 3*i - 34. What is the remainder when i is divided by 8?
6
Let k = 73 - 46. What is the remainder when k is divided by 10?
7
Let v be 1 - (3/(-1) + -1). Let o = 10 - v. Calculate the remainder when 17 is divided by o.
2
Suppose -v - 14 = -4*w + 19, -3*w + 11 = 2*v. Let y = 94 - 92. Calculate the remainder when w is divided by y.
1
Suppose -2*u + 6 = -0*u. Calculate the remainder when 18 is divided by u.
0
Calculate the remainder when -3 - -1 - (-2 + -103) is divided by 15.
13
Suppose 5*g + 65 = -0*w + w, -3*g = -4*w + 175. What is the remainder when (6/(-15))/((-2)/w) is divided by 5?
3
Suppose 0 = -6*x + x + 20. Let g be (-1)/1 + 0/x. Let u(z) = -6*z. What is the remainder when 10 is divided by u(g)?
4
Suppose -3*x = 6*x - 162. What is the remainder when x is divided by (21/(-3) - 0)*-1?
4
Calculate the remainder when 61 is divided by -6*(26/(-4) - -3).
19
Let q = -36 + 67. Let r = 27 + q. What is the remainder when r is divided by 20?
18
Let x(p) = 7*p - 2. Let t(v) = -v**3 - 3*v**2 - 2*v + 1. Let k be t(-2). Let n(g) = 11*g**3 - g. Calculate the remainder when x(3) is divided by n(k).
9
Let f(k) = k + 8. Suppose 6*o - 27 - 3 = 0. Calculate the remainder when f(0) is divided by o.
3
Suppose 49 = -3*j + 73. What is the remainder when 13 is divided by j?
5
Suppose 2*y - 16 = -5*p, -3*y - y + 12 = 0. Suppose 3*h + 2*x = -p*h + 50, -x + 55 = 5*h. What is the remainder when 23 is divided by h?
11
Let n = -20 - -35. Suppose -2*x - 14 + 38 = -4*k, 3*k = -n. What is the remainder when 2 is divided by x?
0
Let o = -26 - 19. Let r = -30 - o. Calculate the remainder when 28 is divided by r.
13
Let v = 6 + -1. Suppose 23 + 96 = v*w + 3*y, w = -3*y + 31. Suppose -5*j + w = -3. What is the remainder when j is divided by 3?
2
Let a be 20/8*2/1. Suppose -l = -3*c + 1 + a, -4*c = 5*l - 27. Suppose c*z + 5 - 22 = -t, 2*t - 5*z = -21. Calculate the remainder when 5 is divided by t.
1
Let a = 21 + 3. What is the remainder when 95 is divided by a?
23
Let w(z) = -z + 9. Let r be w(0). Let c = r - -3. Calculate the remainder when 35 is divided by c.
11
Suppose -4*g + 5*g = o - 24, 4*o + 3*g - 61 = 0. Calculate the remainder when 54 is divided by o.
16
Suppose 5*f + 22 - 2 = 0. Let j = 6 + f. Suppose -6*v + j*v + 48 = 0. Calculate the remainder when v is divided by 7.
5
Suppose 0 = 5*p - 3*p. What is the remainder when (-51 - p)*2/(-3) is divided by (-104)/(-6) + (-25)/(-15) + -1?
16
Let x(t) = t**2 + 18*t - 13. Calculate the remainder when x(-26) is divided by 22.
19
Let y(d) = 2*d**3 - 5*d**2 + 6. What is the remainder when 71 is divided by y(3)?
11
Suppose -5*x + 4*w = -86, -3*x - 3*w - 26 = -4*x. Calculate the remainder when x is divided by 4.
2
Suppose -14*s + 357 + 77 = 0. What is the remainder when 122 is divided by s?
29
Let f = -4 + 2. Let k = 2 + f. Suppose 3*v = -p + 5, -p = 5*v - k*v - 1. Calculate the remainder when 43 is divided by p.
10
Suppose 0 = 7*h - 3*h + 128. Calculate the remainder when (2 - h) + (-3)/1 is divided by 16.
15
Suppose -2*n = -5*n - 3, -z + 31 = 4*n. Calculate the remainder when z is divided by 13.
9
Suppose 75 = 2*r + 3*r. What is the remainder when 29 is divided by r?
14
Let w(p) = 6*p**2 + 9*p**2 - 6 - 14*p**2. Let x(c) = -c**2 - 8*c - 5. Calculate the remainder when w(-5) is divided by x(-5).
9
Let f(x) = 8*x - 2. Let m be f(4). Calculate the remainder when (-6)/(-4) + m/4 is divided by 5.
4
Let j = -51 - -61. What is the remainder when 99 is divided by j?
9
Calculate the remainder when -1*(-1)/(-1)*-62 is divided by 21.
20
Let r(c) = 8*c - 6. Let b be r(6). Suppose -x - x = -b. Let v = -10 + x. Calculate the remainder when 21 is divided by v.
10
Let g = 1 + 18. Calculate the remainder when g is divided by 6.
1
Let q = 6 - -45. What is the remainder when q is divided by 9?
6
Suppose h - 2*h + 10 = 0. Suppose 2*v - h = 0, 3*v + 197 = 2*d + 2*d. Calculate the remainder when d is divided by 18.
17
Let b = -88 - -124. What is the remainder when b is divided by 13?
10
Let h(b) = b**2 + 4*b - 21. What is the remainder when h(6) is divided by 16?
7
Suppose -83 = -4*x + 2*z - 1, -3*x + 3*z = -66. What is the remainder when 73 is divided by x?
16
Suppose 5*w = 2*k + 117 - 462, -3*w = -2*k + 335. Calculate the remainder when k is divided by 41.
37
Let v(i) = i**3 - 3*i**2 + i + 7. Calculate the remainder when 307 is divided by v(5).
59
Let k(x) = 3*x**3 + x + 1. Let u be k(-1). Calculate the remainder when 15 is divided by 2*(u + 1)*-2.
7
Suppose 3*n + 85 = 4*c, 2*c + 3*n = c + 40. Suppose 3*d + 5*g - 37 = c, 2*g = -d + 22. Calculate the remainder when d is divided by 1*(2 - (-3 + 0)).
4
Let x = -13 - -21. What is the remainder when 23 is divided by x?
7
Let p be (9/4)/(7/28). Let u(r) = 4*r - 1. Calculate the remainder when u(p) is divided by 12.
11
Suppose -6*f + 285 = -f. Let g = -10 + f. What is the remainder when g is divided by 12?
11
Suppose 0 = 6*x - 2*x - 28. Suppose 55 = 4*v + 4*u - 25, v - 2*u = 32. Calculate the remainder when v is divided by x.
3
Let n = -30 - -40. What is the remainder when 108 is divided by n?
8
Suppose 21 = -4*i + 85. What is the remainder when i is divided by 9?
7
Let i(j) = j**3 + j**2 - 1. Let l be i(1). Let x = l + 2. Suppose -x*d + d + 28 = 0. Calculate the remainder when 26 is divided by d.
12
Suppose 0 = j - 4 - 4. Let n(l) = -15*l. Let d be n(-2). Suppose -d = p - 3*p. Calculate the remainder when p is divided by j.
7
Let s(g) = 7*g**2 - g + 1. Let c be s(-2). Let a be (-3 + c)*1/4. Suppose -3*l + 13 = -2*i, 2 - a = -l + i. What is the remainder when 7 is divided by l?
1
Let w(h) = 22*h - 2. Let x be w(5). Suppose -2*t = -n - n - 40, -n - x = -5*t. Calculate the remainder when t is divided by 12.
10
Let x(s) = -s**3 + 5*s**2 - 6*s + 5. Let z be x(4). What is the remainder when 50 is divided by (-2)/6 + (-52)/z?
16
Let t be 14/6*(1 - -2). Suppose 4*q - 2*x + 26 = -q, -4*q - 3*x - t = 0. What is the remainder when (-2)/q + 15/2 is divided by 3?
2
Let y(a) = 46*a**2 + a. Let c be ((-60)/25)/((-2)/40). Suppose 4*t - z - c = 0, -4*z - 12 = -t - z. What is the remainder when y(-1) is divided by t?
9
Suppose 0 = -3*y - 4*k + 17, 0 = -5*y + k - 5*k + 23. Suppose y*p + 31 - 7 = 0. What is the remainder when 2 - (p - (0 + 3)) is divided by 8?
5
Suppose 5*r - 1 - 2 = -4*b, -b = -2*r - 17. Suppose -2*q = -3 - b. What is the remainder when 8 is divided by q?
3
Suppose 0*f = 4*f - h - 35, -2*h = 5*f - 47. Suppose 0 = 5*z - f - 96. What is the remainder when 60 is divided by z?
18
Suppose -3*p + 90 = 2*p. Suppose 0 = -c - p + 45. Calculate the remainder when c is divided by 14.
13
Suppose 197 = 2*k + 55. What is the remainder when k is divided by 21?
8
Calculate the remainder when 10 is divided by 0 + 28/(-49) - 106/(-14).
3
Let g = 164 - 61. Calculate the remainder when g is divided by 13.
12
Suppose 3*b - 41 = 2*q, -2*q - 42 = -3*b + q. What is the remainder when 23 is divided by b?
10
Suppose 0*n + 3 = 3*n - 3*j, -4*j = -12. Suppose -4*z = 3*l - 38 - 12, 4*l - 62 = -3*z. What is the remainder when l is divided by n?
2
Suppose -i + 4*f - 66 = -3*i, 2*f = -5*i + 189. What is the remainder when i is divided by 10?
9
Calculate the remainder when 8020/30 - 2/(6*1) is divided by 54.
51
Let d be -5 + 3/1 + -8. Let b = d + 16. Calculate the remainder when (-1 + -1)*11/(-2) is divided by b.
5
Let s(i) = -i**3 - 6*i**2 - 8*i - 18. What is the remainder when 118 is divided by s(-6)?
28
Let b(p) = 16*p**2 + p - 1. Let f be b(1). What is the remainder when 29 is divided by 10/(-8)*f/(-2)?
9
Suppose 0 = -l + 2*l - 1. Suppose 0 = -5*v + 4*s - 3